 Suppose 6*h + 3*h - 2763 = n. Is h a prime number?
True
Suppose -18*w - 15050 = -20*w + 5*z, -4*z = -5*w + 37625. Suppose 0*p + c = 2*p - w, -3773 = -p + 4*c. Is p a composite number?
False
Let m be (-8 - -7)*-1*(-426)/3. Let a = -99 - m. Is a composite?
False
Is 4535245/25 + (-8)/10 a prime number?
True
Let v = -1911 + 5828. Let o = 5718 - v. Is o a prime number?
True
Suppose 15*z = 10*z + 20. Suppose 0 = 4*k + 16 - z, 2*k - 1906 = -4*o. Is o prime?
False
Suppose 121*g = -433*g + 157394170. Is g prime?
False
Let f(g) = -g**2 - 3*g + 77. Let o be f(-10). Suppose -o*p + 19*p = 92508. Is p a composite number?
True
Suppose 25 = -3*v - 2*v. Let x be v/(-2)*(144 + -2)*-1. Let j = x - -614. Is j prime?
False
Let x = -314 - -334. Suppose x*r - q - 864 = 17*r, q - 292 = -r. Is r a composite number?
True
Let x be (4/5)/(22/55). Suppose 0 = r - x*r + 5*z + 1361, -2*z + 1368 = r. Is r a composite number?
True
Let q(i) = -5*i - 19*i**2 + 3*i**3 - 3 + 56*i**2 - 23*i**2. Let s be q(-10). Let z = 3376 + s. Is z a prime number?
True
Let i be 16*(-1)/(-11 + 7). Let z be 0 + 2/((-2)/(-5)). Suppose z*t - t = -2*q + 11014, -i*t = 0. Is q prime?
True
Let s(d) = -d**2 - 41*d - 29. Suppose 2*p + p = -r + 49, 4*p = -16. Let l = r + -83. Is s(l) composite?
False
Suppose 2*l + 2*s = -3*l + 51, -3*l - 4*s + 39 = 0. Suppose 5*d = 1 + l. Suppose 32 = 2*a - 5*z, 2 = -d*a + 2*z + 22. Is a prime?
False
Let j be 1/(3/6) + (-69504)/(-6). Suppose -8*g + j = -2*g. Is g composite?
False
Suppose -6*z - 3*q + 35 = -z, -2*z + 3*q = 7. Suppose -5*m + 5*y + 1351 = -4*m, 2*y = z*m - 5440. Is m a composite number?
False
Suppose -2*o = -3*h + 21, -3*o - h = -8*o - 33. Let r(i) = -276*i - 133. Is r(o) a composite number?
False
Suppose -951424 = 194*b - 4333038. Is b a composite number?
False
Let u = 652371 + -2354. Is u composite?
False
Let u(t) = 4*t**3 + 22*t**2 - 38*t + 37. Let o(x) = -2*x**3 - 11*x**2 + 19*x - 19. Let l(h) = -13*o(h) - 6*u(h). Is l(10) composite?
True
Let i be (-5)/(-25) + -1 + 241738/35. Is (i/5)/(40/100) a composite number?
True
Let q(x) be the second derivative of -x**5/20 + 31*x**4/12 - 21*x**3/2 - x**2 - 12*x - 1. Is q(27) prime?
True
Let a = -886 + 1580. Suppose 5*j = 4*j - 1, a = p - 2*j. Is -1 + p + (-4)/(4/2) a composite number?
True
Suppose -5*y + 81*x = 80*x - 1816792, 2*x + 1816789 = 5*y. Is y a composite number?
False
Let w = -39 + 31. Let i be (0 + (-4)/w)/((-1)/(-22)). Suppose i*s - 15*s = -3668. Is s prime?
False
Let o = -118 + -102. Suppose 15 = -4*s - 3*q - 30, -4*q = 12. Let l = s - o. Is l a composite number?
False
Let u(s) = 2*s**3 - s**2 + 2*s - 2. Let b(y) = 18*y**3 + 24*y**2 + 64*y + 12. Let v(k) = -b(k) - 3*u(k). Is v(-5) a prime number?
True
Suppose 3*g = -5*w + 120, 7 + 13 = -4*g. Is (-6)/w*(-1656315)/30 a composite number?
False
Suppose 4*o = -s + 139399, s - 5*o - 111978 - 27457 = 0. Is s prime?
False
Suppose -99*k + 104*k + 558985 = 5*g, -3*g = -k - 335395. Is g a prime number?
True
Let b(t) = 3*t - 11. Let y be b(-12). Let c = y - -121. Suppose 75*v - 77 = c*v. Is v composite?
True
Suppose -2*g - 19936 = 4*z, 10*g + 3*z = 5*g - 49819. Let m = g - -22665. Is m prime?
True
Suppose -w = 4*a - 3394, -8*w - 4*a = -3*w - 16938. Let y = w + 171. Is y composite?
False
Suppose -l - 3*c + 39 = 0, c = -2*l + 76 + 12. Let o = -39 + l. Suppose o*i - 5755 = i. Is i composite?
False
Let p = -191 + 192. Let y(q) = 2218*q - 8. Let n be y(8). Is n/30 - (-2)/(-10)*p a composite number?
True
Let i(n) = 749*n. Let x be i(1). Suppose -2*y = 4*z + 496, -3*z = -7*z + 12. Let w = x - y. Is w a composite number?
True
Suppose -2*c = -13*c + 55. Suppose -c*y = -d - y + 1060, -3*d + 3172 = -4*y. Let a = d + -542. Is a a prime number?
False
Let a(x) = 6433*x**3 + x**2 - 2*x. Let u be a(1). Let b = u - 2056. Let l = b + -1587. Is l composite?
False
Let v = 762 + -1423. Let i = v + 1180. Is i composite?
True
Let u be -531*((-5)/(-3) - 2) - 3. Let w = u - 14. Let i = w + 147. Is i prime?
True
Suppose -17*l = 63*l - 12798160. Is l composite?
False
Let m(t) = 689*t**2 + 87*t - 1127. Is m(11) a composite number?
True
Let f(x) = -3787*x + 267. Suppose 3*u - 35 = -47. Is f(u) prime?
False
Let k be (-1)/(-4) + (0 - 87/(-4)). Let u(b) = -3*b + 63. Let n be u(k). Is (6/9)/((-4007)/(-1335) + n) a prime number?
False
Let w(a) = a**2 - 27*a - 28. Let o be w(28). Suppose 2*b - 13*g + 18*g = 98, -b + 2*g + 49 = o. Is b a composite number?
True
Let k(l) = 2*l - 15. Suppose 5*q - 7 = 4*q. Let z be k(q). Let o = z - -150. Is o prime?
True
Suppose 40 = 13*w - 8*w. Let j be ((-52)/10)/(w/(-160)). Suppose 0 = -k - 3*z + j, 5*z = -12 - 3. Is k a prime number?
True
Let c = -179 + 179. Is (c + 5230 + -3)*1 composite?
False
Let n = 173092 - 103849. Is n prime?
False
Let s = -1787 - -6604. Is s composite?
False
Let r(m) = m**2 + 9*m + 3. Let w be r(-9). Let l be 161/(-4) + (27/(-12))/w. Is (-1 - -4 - l) + -2 + 1 a prime number?
True
Is (84039/(-6))/(6/(-12)) composite?
True
Is (-5 - 16/(-3))*(-2 - -23651) a prime number?
True
Is 3 + 6566400/315 + 2/7 a prime number?
True
Let o(y) = 7*y**3 - y**2 - y + 353863. Is o(0) a prime number?
False
Let g be (-3)/27*(-1 - 2)*-123. Let d be (g/(-4))/(4/(-48)). Let r = 248 - d. Is r a composite number?
True
Let f be (-3 + 10)*(-1)/(14/(-6)). Let v(g) = g + 2505. Let b be v(0). Suppose 3*m + f*y = 3762, -2*m + b = -y - 0*y. Is m a prime number?
False
Let b be 98/(-343) - ((-23)/7 - 1). Let w = 8 - 8. Is b - 207*(-1 - w) a prime number?
True
Let c(g) = 6*g**2 + 41*g - 2439. Let x(j) = 3*j**2 + 19*j - 1219. Let k(v) = 6*c(v) - 13*x(v). Is k(0) a prime number?
True
Let w = -19590 + 68321. Is w a prime number?
True
Let j(r) = 559*r - 46. Let b = 21 - 39. Let y = b + 21. Is j(y) prime?
False
Let i(c) be the third derivative of -c**5/60 + c**4/6 + 3*c**3/2 + 10*c**2. Let b be i(5). Suppose b*r - 6*z + 10*z = 1656, z - 829 = -2*r. Is r composite?
True
Let k(s) = -19*s - 37. Let n = 72 - 61. Let i be k(n). Let v = 451 + i. Is v a prime number?
False
Let y be 2045/2*(48/20)/2. Suppose -10786 = -2*d - 3*a + y, -3*a = 3*d - 18027. Suppose 2*j - d = -0*j + 4*q, 3*q - 5986 = -2*j. Is j composite?
False
Suppose 5*o + q - 202852 = 0, -89*o + 2*q = -92*o + 121707. Is o composite?
True
Let m be 2/((-2)/133) - -1. Let a be 2 + 345/(-8) + 23/184. Let h = a - m. Is h prime?
False
Let m(q) = -23*q**3 + 12*q**2 - 12*q + 31. Is m(-12) a prime number?
True
Suppose 0 = 4*f - 4, -f = -3*n + f - 2. Suppose -w + 3*w - 4366 = n. Is w a prime number?
False
Suppose -10*k - 2*a + 124184 = -6*k, 62068 = 2*k - 3*a. Is k a composite number?
True
Suppose -3 = -18*c + 17*c. Suppose c*n - 2272 = -2*a, n + a + 2*a - 769 = 0. Let y = 1945 - n. Is y composite?
True
Let k be ((-2)/4 + 0)*0. Suppose k = 19*f - 23*f + 44. Let j = f + 291. Is j prime?
False
Suppose 67*m + 35*m = 5617956. Is m composite?
True
Is (-6)/((1/617651)/((-98)/588)) a composite number?
False
Let v(q) = 4*q**2 - 5*q + 1. Let o be v(5). Suppose 163*x = 171*x - 184. Let l = o - x. Is l a prime number?
True
Let o(v) = 2*v**3 - 8*v**2 - 16*v + 135. Is o(17) composite?
True
Let q be (-3 - -2)*1*-1*9. Suppose q*h - 56 = 2*h. Suppose h*a - 687 - 3449 = 0. Is a prime?
False
Suppose -3*t + 2*j = j - 10, 24 = 2*t - 5*j. Suppose 0*u + t*w = u + 5, -35 = -5*u - 5*w. Suppose -u*s = -9*s + 3486. Is s a prime number?
False
Suppose 21289 = -s + 4*n, -11497 - 31065 = 2*s - 4*n. Let u = 10931 + s. Is u/(-8)*5*(-4)/(-5) a prime number?
True
Let f(t) = 18138*t**2 - 7*t - 10. Let p be f(-2). Is (-2)/(-3 + p/24188) a composite number?
False
Is -4 - (58431/(-5) + 80/(-100)) composite?
True
Suppose -3*n = -5*f + 2216606, -f + 3*n + 46870 = -396468. Is f composite?
True
Suppose -20*r + 11 + 29 = 0. Suppose r*w + 3*n + 0*n = 9275, -w = -n - 4650. Is w prime?
False
Let o(t) = -41 - 42*t + 43*t - 115*t - 60*t. Is o(-7) composite?
True
Let m = 1191811 + 734092. Is m prime?
False
Suppose -w + 4*a = 38, -4*a = -4*w - 62 - 30. Let f(z) = -866*z - 41. Is f(w) a composite number?
True
Let u = -103699 + 162906. Is u a composite number?
False
Let k be 9 - (1 - -5 - -1). Suppose -12*c + 28370 = -k*c. Is c a prime number?
True
Let x = -134896 - -406065. Is x a composite number?
False
Let x(f) = 21*f**2 + 28*f + 106. Let b be x(-5). Let u = 4282 - b. Is u a co